{"id":69,"date":"2024-02-03T20:47:07","date_gmt":"2024-02-03T19:47:07","guid":{"rendered":"https:\/\/www.noz.wroclaw.pl\/?page_id=69"},"modified":"2024-02-03T20:47:07","modified_gmt":"2024-02-03T19:47:07","slug":"oplaty","status":"publish","type":"page","link":"https:\/\/www.noz.wroclaw.pl\/?page_id=69","title":{"rendered":"Op\u0142aty"},"content":{"rendered":"\n<ul class=\"wp-block-list\">\n<li><strong>Op\u0142aty za uczestnictwo<\/strong><\/li>\n<\/ul>\n\n\n\n<p>Op\u0142ata wynosi <strong>1100 z\u0142 brutto<\/strong> i&nbsp;obejmuje: uczestnictwo w&nbsp;obradach, materia\u0142y konferencyjne, wy\u017cywienie w&nbsp;tym dwa obiady i&nbsp;uroczysta kolacja.<\/p>\n\n\n\n<ul class=\"wp-block-list\">\n<li><strong>Op\u0142ata nie obejmuje koszt\u00f3w zakwaterowania.<\/strong><\/li>\n<\/ul>\n\n\n\n<p>Organizatorzy zapewniaj\u0105 mo\u017cliwo\u015b\u0107 rezerwacji nocleg\u00f3w w&nbsp;hotelu Trzebnica \u2013 szczeg\u00f3\u0142y zostan\u0105 podane na stronie internetowej konferencji oraz w&nbsp;komunikacie nr 2<\/p>\n\n\n\n<ul class=\"wp-block-list\">\n<li><strong>Op\u0142at\u0119 nale\u017cy kierowa\u0107 na konto<\/strong><\/li>\n<\/ul>\n\n\n\n<p><strong>Bank PKO BP&nbsp; nr&nbsp; rachunku: 23102052260000600201873413<\/strong><\/p>\n\n\n\n<p>POLSKIE TOWARZYSTWO TECHNOLOG\u00d3W \u017bYWNO\u015aCI ODDZIA\u0141 WROC\u0141AWSKI<\/p>\n\n\n\n<ul class=\"wp-block-list\">\n<li><strong>Tytu\u0142 wp\u0142aty: \u201eNOZ- Nauka o&nbsp;Zbo\u017cach, Imi\u0119 i&nbsp;Nazwisko uczestnika\u201d<\/strong><\/li>\n<\/ul>\n\n\n\n<p><strong>Prosimy nie \u0142\u0105czy\u0107 wp\u0142at za kilku uczestnik\u00f3w w&nbsp;jeden przelew zbiorczy<\/strong><\/p>\n\n\n\n<p>Prosimy o&nbsp;wpisywanie w&nbsp;tytule Imienia i&nbsp;Nazwiska os\u00f3b uczestnicz\u0105cych w&nbsp;konferencji (je\u017celi wp\u0142aty dokonuje inna osoba)<\/p>\n","protected":false},"excerpt":{"rendered":"<p>Op\u0142ata wynosi 1100 z\u0142 brutto i&nbsp;obejmuje: uczestnictwo w&nbsp;obradach, materia\u0142y konferencyjne, wy\u017cywienie w&nbsp;tym dwa obiady i&nbsp;uroczysta kolacja. Organizatorzy zapewniaj\u0105 mo\u017cliwo\u015b\u0107 rezerwacji nocleg\u00f3w w&nbsp;hotelu Trzebnica \u2013 szczeg\u00f3\u0142y zostan\u0105 podane na stronie internetowej konferencji oraz w&nbsp;komunikacie nr 2 Bank PKO BP&nbsp; nr&nbsp; rachunku: 23102052260000600201873413 POLSKIE TOWARZYSTWO TECHNOLOG\u00d3W \u017bYWNO\u015aCI ODDZIA\u0141 WROC\u0141AWSKI Prosimy nie \u0142\u0105czy\u0107 wp\u0142at za kilku uczestnik\u00f3w w&nbsp;jeden &hellip; <\/p>\n<p class=\"link-more\"><a href=\"https:\/\/www.noz.wroclaw.pl\/?page_id=69\" class=\"more-link\">Czytaj dalej<span class=\"screen-reader-text\"> \u201eOp\u0142aty\u201d<\/span><\/a><\/p>\n","protected":false},"author":1,"featured_media":0,"parent":0,"menu_order":0,"comment_status":"closed","ping_status":"closed","template":"","meta":{"footnotes":""},"class_list":["post-69","page","type-page","status-publish","hentry"],"_links":{"self":[{"href":"https:\/\/www.noz.wroclaw.pl\/index.php?rest_route=\/wp\/v2\/pages\/69","targetHints":{"allow":["GET"]}}],"collection":[{"href":"https:\/\/www.noz.wroclaw.pl\/index.php?rest_route=\/wp\/v2\/pages"}],"about":[{"href":"https:\/\/www.noz.wroclaw.pl\/index.php?rest_route=\/wp\/v2\/types\/page"}],"author":[{"embeddable":true,"href":"https:\/\/www.noz.wroclaw.pl\/index.php?rest_route=\/wp\/v2\/users\/1"}],"replies":[{"embeddable":true,"href":"https:\/\/www.noz.wroclaw.pl\/index.php?rest_route=%2Fwp%2Fv2%2Fcomments&post=69"}],"version-history":[{"count":1,"href":"https:\/\/www.noz.wroclaw.pl\/index.php?rest_route=\/wp\/v2\/pages\/69\/revisions"}],"predecessor-version":[{"id":70,"href":"https:\/\/www.noz.wroclaw.pl\/index.php?rest_route=\/wp\/v2\/pages\/69\/revisions\/70"}],"wp:attachment":[{"href":"https:\/\/www.noz.wroclaw.pl\/index.php?rest_route=%2Fwp%2Fv2%2Fmedia&parent=69"}],"curies":[{"name":"wp","href":"https:\/\/api.w.org\/{rel}","templated":true}]}}